is the units digit of 574/21 - t/(-3)?
7
Let j(z) = z**2. Let k(s) = 5*s - 4. Let a(g) = j(g) - k(g). What is the units digit of a(6)?
0
Let t = -84 - -230. What is the hundreds digit of t?
1
Let z = 3 - -36. Suppose 0 = 3*v + 5*c - z, 4*v + 3*c - 6 = 46. What is the units digit of v?
3
Let o(y) = -y**3 + 5*y**2 + 6*y. Let a be o(6). Let u = 2 + a. Suppose -u*s + 5 + 8 = v, 5*s - v - 29 = 0. What is the units digit of s?
6
Let j(g) be the second derivative of -g**3 + 5*g**2/2 - 3*g. Let p be j(-5). Suppose 4*s - p = -s. What is the units digit of s?
7
Suppose 0*h - 4*h + 4 = 0. What is the units digit of 4/(-2*h/(-6))?
2
Suppose 3*y + 9 - 24 = 0. Suppose 0 = 4*g - g - 27. Let k = y + g. What is the tens digit of k?
1
Let b be 7/(-1 + -2 + 2). Let a = b + 10. What is the units digit of a?
3
Let u(t) be the first derivative of 3 + 1/2*t**2 + 20*t. What is the units digit of u(-10)?
0
Let s = 3 + 1. Suppose -x + s*x - 72 = 0. What is the units digit of x?
4
Suppose 2*l + 8 = -5*j, 2*j + 14 + 6 = -5*l. Let p = j - 1. Let w = p - -16. What is the units digit of w?
5
Suppose 0 = -0*y + 2*y + 6. Let a(j) = j - 10. Let q be a(8). Let x = q - y. What is the units digit of x?
1
Let o(g) be the second derivative of -g**5/20 + g**4/2 + 3*g**3/2 - g**2/2 - 5*g. What is the tens digit of o(7)?
1
What is the units digit of ((-20)/(-8) - 2)/((-2)/(-16))?
4
Let n = -71 - -100. What is the tens digit of n?
2
Let d = 2 - 8. Let p = -5 - d. What is the units digit of p?
1
Let t be 10/4*(-32)/(-10). Let l(i) = i**3 - 8*i**2 + 3*i - 9. What is the tens digit of l(t)?
1
Let r(t) = t**2 - 2*t + 2. What is the tens digit of r(-4)?
2
Suppose -4*o + 3 + 9 = 0. Suppose -c = -q + 20, 0 = o*q + 5*c - 5 - 87. What is the units digit of q?
4
Suppose 5*z = -4*a + 201 - 57, -4*a = -z - 168. What is the tens digit of a?
4
Let y = -5 + 9. Suppose y*d = -d - 15. Let q = d + 6. What is the units digit of q?
3
Suppose 172 = 2*k + 2*t - 32, 4*t + 20 = 0. What is the tens digit of k?
0
Suppose -3*j + 7 = -2*z + 25, 4*j = 3*z - 26. Let r(t) be the first derivative of t**2 - 3*t + 2. What is the units digit of r(z)?
9
Suppose -l + 1 = 6, 0 = -2*a - l - 13. Let v(k) = -7*k**2 + k + 4. Let j(f) = 3*f**2 - 2. Let m(y) = 5*j(y) + 2*v(y). What is the units digit of m(a)?
6
Let m(w) = -w**3 - 6*w**2 - 5*w + 6. Let j be m(-5). Suppose j*k = k + 30. Suppose -9 = -z + k. What is the units digit of z?
5
Let y(j) be the second derivative of j**5/20 + 2*j**4/3 - 11*j**3/6 - 7*j**2/2 - 2*j. What is the tens digit of y(-9)?
1
Suppose -113 = -2*r - 5*m, -46 = -2*r + r + m. What is the units digit of r?
9
Suppose 3*b - b = 100. What is the tens digit of b?
5
Let x(j) = j**3 + 5*j**2 + 4*j + 2. Let n(h) = -h**2 - 2*h - 1. Let p be n(-4). Let u = 6 + p. What is the units digit of x(u)?
8
Let y(d) = 3*d**2 - 5*d + 3. What is the tens digit of y(3)?
1
Let q(b) = -1 - b - 7 - 1. What is the units digit of q(-10)?
1
Let x = 152 - 24. Suppose -4*i + x = -2*r, -5*i + 5*r + 165 = -0*i. What is the units digit of i?
1
Suppose -w + 2 + 28 = -5*z, -w = -2*z - 27. Let x = -15 + w. What is the tens digit of x?
1
What is the units digit of (-3 - -1) + 2 + 0 + 210?
0
Let j be (16/6)/(10/15). What is the units digit of -2*j/(16/(-14))?
7
Suppose -3*w + u + 38 = -21, 0 = w - u - 23. What is the tens digit of w?
1
Let q(z) = z + 2. Let s be q(-3). Let y = s - -2. What is the units digit of y?
1
Let m(q) = 4*q**3. Let b be m(1). Suppose -4*v = -o - 8*v - 1, -11 = -b*o - v. Suppose 0 = -5*f + 4*r + 9, 0*r + 2 = -2*f + o*r. What is the units digit of f?
5
Let p = 1 + 20. Let n(a) = a - 5. Let o be n(-8). Let z = p + o. What is the units digit of z?
8
Let o(j) = -80*j - 2. What is the units digit of o(-2)?
8
Let p(z) = 5*z**3 - 1. Let o be p(1). Suppose o*u - 20 - 24 = 0. What is the tens digit of u?
1
Suppose 3*t = p - 0*t - 71, -4*p + 299 = 3*t. Let g = p + -52. What is the tens digit of g?
2
Suppose -2*y - y + 9 = 0. Suppose 0 = 2*s - 0*s + 4*d - 24, 15 = y*d. What is the units digit of 1/((-5)/s)*-25?
0
Let w be 6/15 - (-12)/(-5). Suppose 3*p - 17 - 43 = 0. What is the tens digit of (1/w)/((-1)/p)?
1
Suppose -16 = -4*x, -3*x + 14 = -5*l + 7*l. Suppose -5 + l = -4*p. What is the units digit of p?
1
Suppose 3*h + 153 = 3*v, v = -5*h + 4*v - 249. Let c = 69 + h. What is the units digit of c?
1
Let d(j) be the first derivative of -j**2 - 4*j - 2. What is the units digit of d(-4)?
4
Let p(o) = -o**2. Let t(h) = -11*h**2 + 2*h - 1. Suppose j - 3 + 4 = 0. Let n(s) = j*t(s) + 2*p(s). What is the units digit of n(1)?
8
Let h be (-7)/(-14) - 3/2. What is the units digit of 55/(-20)*(h + -3)?
1
Let w = -18 - -23. Suppose 4*f = -x + 12 - 2, -3*x + w*f + 64 = 0. What is the tens digit of x?
1
Let o(k) = -20*k + 64. What is the units digit of o(-10)?
4
Let f(s) be the third derivative of s**5/60 - s**4/6 + s**3/3 + 8*s**2. Let q = 6 + -2. What is the units digit of f(q)?
2
Let a be (22/11)/((-2)/9). What is the units digit of (-2)/a + 16/9?
2
Suppose 3 = -z + 7. Suppose 4*n = 2*l - 0*n + 12, z*n = 4*l + 28. What is the units digit of (-6)/l + (-51)/(-12)?
5
Let o be 18/(-4)*(-2)/1. Let n(a) be the second derivative of -a**4/12 + 3*a**3/2 + 3*a**2 + a. What is the units digit of n(o)?
6
Let z be 37/2 - 4/8. Suppose -48 = -z*r + 16*r. What is the tens digit of r?
2
Suppose 8*f = 123 + 29. What is the tens digit of f?
1
Suppose -2*r + 7 = 2*j - 5*r, -j = -5*r - 7. Suppose j*k - 4*k = -48. Suppose 5*v + k = f, 0 = -3*f - 0*f - 3*v. What is the units digit of f?
4
Let k(t) = 2*t - 2. Let v be k(2). Suppose n = -3*a + 2, -v*a - 3*n + 4 = -5*n. Suppose -c = 3*j - 0 + a, 5*j = -c - 9. What is the tens digit of c?
1
Let v be 12/20 - (-324)/10. Let y = -21 + v. What is the units digit of y?
2
Let m be (1 - 44)*(-2)/2. Suppose -4*t + m = -49. What is the tens digit of t?
2
What is the units digit of (-20)/16*2*-4?
0
Suppose -4*y + 43 = -293. What is the tens digit of y?
8
Let w = 10 - 17. Let n(d) = -d**3 - 7*d**2 - 4*d - 7. Let c be n(w). Let s = 29 - c. What is the units digit of s?
8
What is the units digit of 260/22 + 12/66?
2
Let f = 98 + -92. What is the units digit of f?
6
Let q(w) = w. Let h be q(5). Suppose 0 = -7*j + h*j + 4*d + 18, -6 = j + 3*d. What is the units digit of j/1*8/6?
4
Let d = -15 - -19. Suppose -2 = -d*i + 22. What is the units digit of i?
6
Suppose -4*t - 4 = 0, -w = -3*t - t - 56. Let o = w - 31. What is the tens digit of o?
2
Let r = -29 - -91. What is the tens digit of r?
6
Suppose -h - 4*l = 3*h, 2*l = 3*h - 10. Let m = h + 4. What is the tens digit of 18 - m - (-1 - 0)?
1
Suppose 2*l = 3*l. Let r(w) = -w**3 - w**2 - w - 5. Let m be r(l). Let x = m + 7. What is the units digit of x?
2
Suppose 0 = -4*c + 2*c + 40. Let k be (-1)/(-4) - 5/c. Suppose 4*g - 16 = 0, -4*o - 2*g + 16 = -k*o. What is the units digit of o?
2
Let j(i) = -2 - 6*i + 3*i + 3*i**2 + 0. Let d(o) = 8*o**2 - 8*o - 6. Let w(t) = -5*d(t) + 14*j(t). What is the units digit of w(2)?
6
Suppose -40*v + 195 = -35*v. What is the tens digit of v?
3
Suppose -5*v = -2*v - y - 10, -5*v - 3*y = -40. What is the units digit of v?
5
Suppose -4*i + 2*b = -9 - 5, -2*b - 16 = -5*i. Suppose i*u = u. Let q = u - -3. What is the units digit of q?
3
Let l(o) = 2*o**2 - 3*o + 2. Suppose -3*m + 6 = -3. What is the units digit of l(m)?
1
Suppose x = -2*x + 6, 4*x = -3*i + 26. What is the units digit of i?
6
Let n be 21/(-1 - 2)*-3. Let l = 15 - 30. Let q = n + l. What is the units digit of q?
6
Let q = 11 + 2. What is the units digit of q?
3
Let j(y) = -5*y - 14. What is the tens digit of j(-8)?
2
Let g(x) = x**3 + 4*x**2 + 2*x - 1. Suppose -5*q = -2*q - 15, 8 = i + 2*q. Let v be g(i). Suppose l = 4*a - 5 - v, 5*a = -l + 10. What is the units digit of a?
2
Suppose 0 = -2*q + q + 3. Let v(b) = -4*b**2 + 4*b**2 + 10 + b + b**q. What is the units digit of v(0)?
0
Let u be 2 - -3 - (1 + -2). Suppose 0 = 4*a - 14 - u. Suppose 13 = a*w + 3. What is the units digit of w?
2
Let b = 279 - 165. What is the units digit of b?
4
What is the units digit of 3 + -1*(-60)/1?
3
Let t(x) = 4*x**2 + 3*x - 12. What is the units digit of t(-4)?
0
Let x(t) = 4*t - 5. Let q(r) be the third derivative of r**4/24 - r**3/6 - r**2. Let f(h) = 2*q(h) - x(h). What is the units digit of f(-3)?
9
Le